 817087?
8
What is the hundreds digit of 14497076?
0
What is the tens digit of 35051347?
4
What is the tens digit of 117638?
3
What is the units digit of 6203606?
6
What is the hundred thousands digit of 6469559?
4
What is the tens digit of 253422?
2
What is the tens digit of 5185516?
1
What is the units digit of 33780?
0
What is the units digit of 526131?
1
What is the units digit of 1298107?
7
What is the thousands digit of 5388892?
8
What is the hundreds digit of 24529329?
3
What is the units digit of 120689?
9
What is the hundreds digit of 548306?
3
What is the hundred thousands digit of 351402?
3
What is the ten thousands digit of 585867?
8
What is the hundred thousands digit of 264537?
2
What is the millions digit of 14595464?
4
What is the hundred thousands digit of 1518146?
5
What is the hundred thousands digit of 912228?
9
What is the units digit of 264275?
5
What is the hundred thousands digit of 912618?
9
What is the tens digit of 8079?
7
What is the units digit of 20170796?
6
What is the millions digit of 9682088?
9
What is the units digit of 156324?
4
What is the thousands digit of 12380830?
0
What is the thousands digit of 1447571?
7
What is the tens digit of 1672351?
5
What is the hundreds digit of 219319?
3
What is the tens digit of 163583?
8
What is the tens digit of 1690814?
1
What is the units digit of 436309?
9
What is the hundreds digit of 11280257?
2
What is the ten thousands digit of 1779332?
7
What is the ten thousands digit of 65429?
6
What is the ten thousands digit of 296291?
9
What is the thousands digit of 1806217?
6
What is the hundreds digit of 273904?
9
What is the ten thousands digit of 250795?
5
What is the ten thousands digit of 34786941?
8
What is the thousands digit of 5650?
5
What is the tens digit of 32477333?
3
What is the millions digit of 1444408?
1
What is the thousands digit of 235996?
5
What is the units digit of 5495551?
1
What is the units digit of 438863?
3
What is the hundred thousands digit of 1253653?
2
What is the hundreds digit of 2835444?
4
What is the hundred thousands digit of 222656?
2
What is the hundred thousands digit of 4460600?
4
What is the tens digit of 41832147?
4
What is the tens digit of 1478952?
5
What is the units digit of 522745?
5
What is the tens digit of 7085178?
7
What is the thousands digit of 3905482?
5
What is the thousands digit of 196442?
6
What is the tens digit of 91670?
7
What is the millions digit of 1632647?
1
What is the millions digit of 1379858?
1
What is the millions digit of 5094233?
5
What is the units digit of 666156?
6
What is the tens digit of 10155055?
5
What is the tens digit of 9629759?
5
What is the thousands digit of 200799?
0
What is the hundreds digit of 4847355?
3
What is the ten thousands digit of 975923?
7
What is the tens digit of 19506?
0
What is the ten thousands digit of 298197?
9
What is the hundred thousands digit of 429427?
4
What is the ten thousands digit of 1044045?
4
What is the hundred thousands digit of 9929091?
9
What is the millions digit of 3092842?
3
What is the ten thousands digit of 1691613?
9
What is the units digit of 6129380?
0
What is the units digit of 605615?
5
What is the millions digit of 2065043?
2
What is the ten thousands digit of 63051?
6
What is the hundred thousands digit of 110833?
1
What is the millions digit of 5124457?
5
What is the ten thousands digit of 1766158?
6
What is the tens digit of 7482500?
0
What is the thousands digit of 1394870?
4
What is the hundreds digit of 993102?
1
What is the thousands digit of 3438574?
8
What is the units digit of 2223268?
8
What is the units digit of 1201683?
3
What is the ten thousands digit of 5112435?
1
What is the tens digit of 28766?
6
What is the millions digit of 4379260?
4
What is the hundred thousands digit of 2509969?
5
What is the thousands digit of 3834800?
4
What is the hundred thousands digit of 2071764?
0
What is the hundred thousands digit of 220542?
2
What is the hundreds digit of 5591606?
6
What is the units digit of 2095428?
8
What is the ten millions digit of 27974071?
2
What is the hundreds digit of 412293?
2
What is the hundred thousands digit of 34915472?
9
What is the hundreds digit of 144894?
8
What is the hundred thousands digit of 176051?
1
What is the units digit of 31528319?
9
What is the hundreds digit of 1002304?
3
What is the hundred thousands digit of 1040567?
0
What is the units digit of 69418?
8
What is the units digit of 20875231?
1
What is the units digit of 1120465?
5
What is the units digit of 7175986?
6
What is the hundred thousands digit of 891295?
8
What is the ten thousands digit of 17274945?
7
What is the ten thousands digit of 9403050?
0
What is the millions digit of 1098972?
1
What is the hundred thousands digit of 681570?
6
What is the units digit of 777774?
4
What is the hundreds digit of 371590?
5
What is the ten thousands digit of 6903220?
0
What is the ten thousands digit of 2400589?
0
What is the hundreds digit of 3474661?
6
What is the units digit of 506670?
0
What is the units digit of 42234?
4
What is the tens digit of 241713?
1
What is the units digit of 446830?
0
What is the hundred thousands digit of 429478?
4
What is the hundred thousands digit of 908152?
9
What is the hundred thousands digit of 6100002?
1
What is the hundreds digit of 1097?
0
What is the hundred thousands digit of 15221132?
2
What is the tens digit of 498901?
0
What is the ten thousands digit of 9254428?
5
What is the thousands digit of 77318?
7
What is the tens digit of 313907?
0
What is the hundreds digit of 2568697?
6
What is the tens digit of 273404?
0
What is the ten thousands digit of 34466?
3
What is the tens digit of 2989061?
6
What is the thousands digit of 398960?
8
What is the hundreds digit of 26365026?
0
What is the tens digit of 2141309?
0
What is the ten thousands digit of 43627?
4
What is the hundred thousands digit of 2487510?
4
What is the millions digit of 1887602?
1
What is the hundred thousands digit of 1490612?
4
What is the tens digit of 296214?
1
What is the tens digit of 904951?
5
What is the hundred thousands digit of 6855295?
8
What is the units digit of 4171348?
8
What is the hundred thousands digit of 4956590?
9
What is the ten thousands digit of 3560055?
6
What is the units digit of 8232975?
5
What is the hundreds digit of 245271?
2
What is the ten thousands digit of 597266?
9
What is the hundreds digit of 3669700?
7
What is the tens digit of 75821?
2
What is the tens digit of 1790943?
4
What is the hundred thousands digit of 301165?
3
What is the ten thousands digit of 992517?
9
What is the thousands digit of 1245872?
5
What is the thousands digit of 4274124?
4
What is the thousands digit of 814042?
4
What is the units digit of 999146?
6
What is the hundreds digit of 8861526?
5
What is the ten thousands digit of 1611845?
1
What is the units digit of 447857?
7
What is the hundreds digit of 12020839?
8
What is the thousands digit of 1774251?
4
What is the hundred thousands digit of 330345?
3
What is the units digit of 3107298?
8
What is the thousands digit of 5609171?
9
What is the thousands digit of 205376?
5
What is the units digit of 1188820?
0
What is the hundred thousands digit of 834713?
8
What is the millions digit of 2365284?
2
What is the ten thousands digit of 193198?
9
What is the ten thousands digit of 7503128?
0
What is the hundred thousands digit of 974034?
9
What is the hundreds digit of 780747?
7
What is the hundred thousands digit of 9590682?
5
What is the units digit of 14019057?
7
What is the units digit of 666709?
9
What is the hundred thousands digit of 4119681?
1
What is the millions digit of 11191531?
1
What is the thousands digit of 9739533?
9
What is the hundred thousands digit of 3730723?
7
What is the thousands digit of 781057?
1
What is the hundreds digit of 15015097?
0
What is the thousands digit of 567711?
7
What is the hundreds digit of 280961?
9
What is the ten millions digit of 21969285?
2
What is the hundred thousands digit of 916289?
9
What is the hundred thousands digit of 180494?
1
What is the ten millions digit of 11193274?
1
What is the thousands digit of 449121?
9
What is the hundred thousands digit of 469562?
4
What is the thousands digit of 7146078?
6
What is the thous